{"id":244127,"date":"2022-10-05T20:50:56","date_gmt":"2022-10-06T01:50:56","guid":{"rendered":"https:\/\/www.unimedico.com.mx\/shop\/?post_type=product&#038;p=244127"},"modified":"2022-10-05T20:50:57","modified_gmt":"2022-10-06T01:50:57","slug":"camilla-rigida-tablero-espinal-adulto-ultra-delgado-con-perno-flash-29-marca-spencer","status":"publish","type":"product","link":"https:\/\/www.unimedico.com.mx\/shop\/producto\/camilla-rigida-tablero-espinal-adulto-ultra-delgado-con-perno-flash-29-marca-spencer\/","title":{"rendered":"CAMILLA RIGIDA-Tablero espinal adulto ultra delgado con perno\/ FLASH 29 MARCA SPENCER"},"content":{"rendered":"<p>Tablero espinal adulto ultra delgado con perno\/ FLASH 29<\/p>\n<p>Superficies lisas y conectadas para garantizar un saneamiento (limpieza eficaz)<br \/>\nEl material de fabricaci\u00f3n no absorbe fluidos<br \/>\nEl alto n\u00famero de asas, su posicionamiento y su dise\u00f1o, facilita el agarre, incluso en condiciones dif\u00edciles.<br \/>\nLa forma c\u00f3nica permite reducir al m\u00ednimo los requisitos de espacio y de alojarla en las camillas nido Spencer.<br \/>\nEstructura fuerte y ligera para garantizar alta resistencia al los impactos.<br \/>\nPatines en el lado inferior del bastidor para minimizar la fricci\u00f3n durante las operaciones.<br \/>\nLos Pin que la caracterizan permiten una f\u00e1cil fijaci\u00f3n de los cinturones opcionales, mediante un mosquet\u00f3n.<br \/>\nPermite la realizaci\u00f3n de ex\u00e1menes de diagn\u00f3stico preliminares a los rayos X.<\/p>\n<p>Capacidad de carga: 180kg<\/p>\n","protected":false},"excerpt":{"rendered":"<p>Tablero espinal adulto ultra delgado con perno\/ FLASH 29<\/p>\n<p>Superficies lisas y conectadas para garantizar un saneamiento (limpieza eficaz)<br \/>\nEl material de fabricaci\u00f3n no absorbe fluidos<br \/>\nEl alto n\u00famero de asas, su posicionamiento y su dise\u00f1o, facilita el agarre, incluso en condiciones dif\u00edciles.<br \/>\nLa forma c\u00f3nica permite reducir al m\u00ednimo los requisitos de espacio y de alojarla en las camillas nido Spencer.<br \/>\nEstructura fuerte y ligera para garantizar alta resistencia al los impactos.<br \/>\nPatines en el lado inferior del bastidor para minimizar la fricci\u00f3n durante las operaciones.<br \/>\nLos Pin que la caracterizan permiten una f\u00e1cil fijaci\u00f3n de los cinturones opcionales, mediante un mosquet\u00f3n.<br \/>\nPermite la realizaci\u00f3n de ex\u00e1menes de diagn\u00f3stico preliminares a los rayos X.<\/p>\n<p>Capacidad de carga: 180kg<\/p>\n","protected":false},"featured_media":244129,"comment_status":"open","ping_status":"closed","template":"","meta":{"_et_pb_use_builder":"","_et_pb_old_content":"","_et_gb_content_width":""},"pwb-brand":[363],"product_cat":[212,362],"product_tag":[],"brands":[{"id":363,"name":"Spencer","slug":"spencer"}],"_links":{"self":[{"href":"https:\/\/www.unimedico.com.mx\/shop\/wp-json\/wp\/v3\/product\/244127"}],"collection":[{"href":"https:\/\/www.unimedico.com.mx\/shop\/wp-json\/wp\/v3\/product"}],"about":[{"href":"https:\/\/www.unimedico.com.mx\/shop\/wp-json\/wp\/v2\/types\/product"}],"replies":[{"embeddable":true,"href":"https:\/\/www.unimedico.com.mx\/shop\/wp-json\/wp\/v2\/comments?post=244127"}],"wp:featuredmedia":[{"embeddable":true,"href":"https:\/\/www.unimedico.com.mx\/shop\/wp-json\/wp\/v2\/media\/244129"}],"wp:attachment":[{"href":"https:\/\/www.unimedico.com.mx\/shop\/wp-json\/wp\/v2\/media?parent=244127"}],"wp:term":[{"taxonomy":"pwb-brand","embeddable":true,"href":"https:\/\/www.unimedico.com.mx\/shop\/wp-json\/wp\/v2\/pwb-brand?post=244127"},{"taxonomy":"product_cat","embeddable":true,"href":"https:\/\/www.unimedico.com.mx\/shop\/wp-json\/wp\/v2\/product_cat?post=244127"},{"taxonomy":"product_tag","embeddable":true,"href":"https:\/\/www.unimedico.com.mx\/shop\/wp-json\/wp\/v2\/product_tag?post=244127"}],"curies":[{"name":"wp","href":"https:\/\/api.w.org\/{rel}","templated":true}]}}