{"id":244768,"date":"2022-12-06T21:35:46","date_gmt":"2022-12-07T03:35:46","guid":{"rendered":"https:\/\/www.unimedico.com.mx\/shop\/?post_type=product&#038;p=244768"},"modified":"2022-12-06T21:36:36","modified_gmt":"2022-12-07T03:36:36","slug":"lavabo-doble-para-cirujano-con-valvula-de-sensor-acero-inoxidable","status":"publish","type":"product","link":"https:\/\/www.unimedico.com.mx\/shop\/producto\/lavabo-doble-para-cirujano-con-valvula-de-sensor-acero-inoxidable\/","title":{"rendered":"Lavabo doble para cirujano con valvula de sensor acero inoxidable"},"content":{"rendered":"<p><strong>Lavabo doble para cirujano 150 x 60 x 76 cms. acero inoxidable con v\u00e1lvula de sensor MARCA UNIMEDICO<\/strong><\/p>\n<p><strong> Caracter\u00edsticas:<\/strong><\/p>\n<ul>\n<li>Cespol Registrable De Acero Inoxidable.<\/li>\n<li>Contra De Canasta De Acero Inoxidable De 100 Mm. (4&#8243;) De Di\u00e1metro.<\/li>\n<li>Cuerpo, Respaldo Y Tina De Acero Inoxidable Tipo Aisi 304 Calibre No. 18 De 150 Cm. X 60 Cm. X 70 Cm. De Altura.<\/li>\n<li>Acabado Pulido Con Preparaci\u00f3n Para Recibir Doble Cuello De Ganso.<\/li>\n<li>Doble Perforaci\u00f3n De 25.4 Mm. (1&#8243;) Y Contra De Canasta.<\/li>\n<li>Cuello De Ganso Largo, Con Dimensi\u00f3n De Cuello De 20 A 21cm. De Abertura Como M\u00ednimo, Con Acabado En Cromo Brillante.<\/li>\n<li>Doble Mezcladora (Para Empotrar En El Respaldo Del Lavabo) Con Censor De Presencia Accionada Por Bater\u00edas Marca Helvex U Otra Similar En Caracter\u00edsticas T\u00e9cnicas A Las Que Se Indican, Que Cuenten Con La Certificaci\u00f3n Correspondiente.<\/li>\n<li>El Lavabo Deber\u00e1 Incluir Las Preparaciones Necesarias Para Fijarse Al Muro As\u00ed Como Sus Respectivas Mezcladoras (2 Por Pieza).<\/li>\n<\/ul>\n<ul>\n<li>Clave cuadro basico: 513-580-0109<\/li>\n<\/ul>\n<p>Origen:\u00a0<strong>M\u00e9xico <\/strong><\/p>\n","protected":false},"excerpt":{"rendered":"<p><strong>Caracter\u00edsticas:<\/strong><\/p>\n<ul>\n<li>Cespol Registrable De Acero Inoxidable.<\/li>\n<li>Contra De Canasta De Acero Inoxidable De 100 Mm. (4&#8243;) De Di\u00e1metro.<\/li>\n<li>Cuerpo, Respaldo Y Tina De Acero Inoxidable Tipo Aisi 304 Calibre No. 18 De 150 Cm. X 60 Cm. X 70 Cm. De Altura.<\/li>\n<li>Acabado Pulido Con Preparaci\u00f3n Para Recibir Doble Cuello De Ganso.<\/li>\n<li>Doble Perforaci\u00f3n De 25.4 Mm. (1&#8243;) Y Contra De Canasta.<\/li>\n<li>Cuello De Ganso Largo, Con Dimensi\u00f3n De Cuello De 20 A 21cm. De Abertura Como M\u00ednimo, Con Acabado En Cromo Brillante.<\/li>\n<li>Doble Mezcladora (Para Empotrar En El Respaldo Del Lavabo) Con Censor De Presencia Accionada Por Bater\u00edas Marca Helvex U Otra Similar En Caracter\u00edsticas T\u00e9cnicas A Las Que Se Indican, Que Cuenten Con La Certificaci\u00f3n Correspondiente.<\/li>\n<li>El Lavabo Deber\u00e1 Incluir Las Preparaciones Necesarias Para Fijarse Al Muro As\u00ed Como Sus Respectivas Mezcladoras (2 Por Pieza).<\/li>\n<\/ul>\n","protected":false},"featured_media":244770,"comment_status":"open","ping_status":"closed","template":"","meta":{"_et_pb_use_builder":"","_et_pb_old_content":"","_et_gb_content_width":""},"pwb-brand":[44],"product_cat":[141,410],"product_tag":[],"brands":[{"id":44,"name":"Unimedico","slug":"unimedico"}],"_links":{"self":[{"href":"https:\/\/www.unimedico.com.mx\/shop\/wp-json\/wp\/v3\/product\/244768"}],"collection":[{"href":"https:\/\/www.unimedico.com.mx\/shop\/wp-json\/wp\/v3\/product"}],"about":[{"href":"https:\/\/www.unimedico.com.mx\/shop\/wp-json\/wp\/v2\/types\/product"}],"replies":[{"embeddable":true,"href":"https:\/\/www.unimedico.com.mx\/shop\/wp-json\/wp\/v2\/comments?post=244768"}],"wp:featuredmedia":[{"embeddable":true,"href":"https:\/\/www.unimedico.com.mx\/shop\/wp-json\/wp\/v2\/media\/244770"}],"wp:attachment":[{"href":"https:\/\/www.unimedico.com.mx\/shop\/wp-json\/wp\/v2\/media?parent=244768"}],"wp:term":[{"taxonomy":"pwb-brand","embeddable":true,"href":"https:\/\/www.unimedico.com.mx\/shop\/wp-json\/wp\/v2\/pwb-brand?post=244768"},{"taxonomy":"product_cat","embeddable":true,"href":"https:\/\/www.unimedico.com.mx\/shop\/wp-json\/wp\/v2\/product_cat?post=244768"},{"taxonomy":"product_tag","embeddable":true,"href":"https:\/\/www.unimedico.com.mx\/shop\/wp-json\/wp\/v2\/product_tag?post=244768"}],"curies":[{"name":"wp","href":"https:\/\/api.w.org\/{rel}","templated":true}]}}